der when 741 is divided by 733.
8
What is the remainder when 1193 is divided by 381?
50
Calculate the remainder when 258 is divided by 52.
50
Calculate the remainder when 2770 is divided by 42.
40
Calculate the remainder when 825 is divided by 23.
20
What is the remainder when 147 is divided by 35?
7
What is the remainder when 64 is divided by 27?
10
Calculate the remainder when 549 is divided by 25.
24
What is the remainder when 471 is divided by 6?
3
What is the remainder when 4581 is divided by 54?
45
Calculate the remainder when 357 is divided by 24.
21
Calculate the remainder when 336 is divided by 43.
35
Calculate the remainder when 11914 is divided by 17.
14
Calculate the remainder when 265 is divided by 78.
31
Calculate the remainder when 9549 is divided by 41.
37
Calculate the remainder when 269 is divided by 57.
41
What is the remainder when 919 is divided by 22?
17
Calculate the remainder when 3197 is divided by 13.
12
Calculate the remainder when 1553 is divided by 120.
113
What is the remainder when 107 is divided by 34?
5
What is the remainder when 258 is divided by 53?
46
What is the remainder when 864 is divided by 10?
4
Calculate the remainder when 324 is divided by 28.
16
What is the remainder when 106 is divided by 16?
10
Calculate the remainder when 545 is divided by 177.
14
What is the remainder when 2261 is divided by 87?
86
What is the remainder when 28137 is divided by 134?
131
What is the remainder when 47 is divided by 24?
23
What is the remainder when 44 is divided by 11?
0
Calculate the remainder when 1187 is divided by 33.
32
What is the remainder when 783 is divided by 5?
3
Calculate the remainder when 605 is divided by 16.
13
What is the remainder when 361 is divided by 49?
18
Calculate the remainder when 159 is divided by 44.
27
Calculate the remainder when 9581 is divided by 51.
44
What is the remainder when 213 is divided by 54?
51
What is the remainder when 1082 is divided by 84?
74
Calculate the remainder when 282 is divided by 226.
56
Calculate the remainder when 1896 is divided by 13.
11
What is the remainder when 316 is divided by 36?
28
Calculate the remainder when 7479 is divided by 68.
67
Calculate the remainder when 2727 is divided by 7.
4
Calculate the remainder when 393 is divided by 99.
96
What is the remainder when 112 is divided by 67?
45
What is the remainder when 122 is divided by 55?
12
Calculate the remainder when 37 is divided by 10.
7
What is the remainder when 2808 is divided by 465?
18
Calculate the remainder when 17 is divided by 16.
1
What is the remainder when 57 is divided by 45?
12
Calculate the remainder when 285 is divided by 34.
13
What is the remainder when 315 is divided by 84?
63
What is the remainder when 594 is divided by 102?
84
Calculate the remainder when 10722 is divided by 13.
10
What is the remainder when 278 is divided by 3?
2
What is the remainder when 890 is divided by 443?
4
Calculate the remainder when 157 is divided by 23.
19
Calculate the remainder when 644 is divided by 122.
34
Calculate the remainder when 184 is divided by 51.
31
Calculate the remainder when 11312 is divided by 138.
134
Calculate the remainder when 112 is divided by 32.
16
Calculate the remainder when 722 is divided by 35.
22
Calculate the remainder when 16553 is divided by 178.
177
What is the remainder when 517 is divided by 88?
77
Calculate the remainder when 6732 is divided by 26.
24
What is the remainder when 3941 is divided by 282?
275
Calculate the remainder when 2018 is divided by 50.
18
Calculate the remainder when 156 is divided by 38.
4
Calculate the remainder when 1793 is divided by 597.
2
Calculate the remainder when 236 is divided by 20.
16
Calculate the remainder when 72 is divided by 54.
18
Calculate the remainder when 202 is divided by 55.
37
What is the remainder when 49 is divided by 11?
5
Calculate the remainder when 479 is divided by 200.
79
Calculate the remainder when 630 is divided by 314.
2
Calculate the remainder when 252 is divided by 51.
48
What is the remainder when 136 is divided by 61?
14
What is the remainder when 1022 is divided by 38?
34
Calculate the remainder when 1030 is divided by 24.
22
What is the remainder when 459 is divided by 92?
91
What is the remainder when 152 is divided by 22?
20
What is the remainder when 908 is divided by 13?
11
What is the remainder when 122 is divided by 7?
3
Calculate the remainder when 541 is divided by 8.
5
What is the remainder when 2056 is divided by 38?
4
What is the remainder when 286 is divided by 270?
16
Calculate the remainder when 3070 is divided by 12.
10
What is the remainder when 635 is divided by 12?
11
Calculate the remainder when 77 is divided by 20.
17
Calculate the remainder when 195 is divided by 51.
42
Calculate the remainder when 729 is divided by 35.
29
What is the remainder when 174 is divided by 31?
19
Calculate the remainder when 295 is divided by 8.
7
Calculate the remainder when 557 is divided by 51.
47
Calculate the remainder when 16598 is divided by 100.
98
Calculate the remainder when 88 is divided by 48.
40
Calculate the remainder when 8923 is divided by 8923.
0
What is the remainder when 147 is divided by 37?
36
Calculate the remainder when 2003 is divided by 27.
5
What is the remainder when 13013 is divided by 6?
5
Calculate the remainder when 33 is divided by 21.
12
What is the remainder when 21 is divided by 15?
6
Calculate the remainder when 574 is divided by 303.
271
Calculate the remainder when 98 is divided by 21.
14
What is the remainder when 615 is divided by 19?
7
What is the remainder when 153 is divided by 31?
29
What is the remainder when 254 is divided by 64?
62
What is the remainder when 1750 is divided by 65?
60
What is the remainder when 624 is divided by 230?
164
Calculate the remainder when 95 is divided by 25.
20
Calculate the remainder when 279 is divided by 107.
65
What is the remainder when 452 is divided by 99?
56
What is the remainder when 123 is divided by 63?
60
What is the remainder when 334 is divided by 71?
50
Calculate the remainder when 73 is divided by 15.
13
Calculate the remainder when 1341 is divided by 8.
5
Calculate the remainder when 719 is divided by 332.
55
What is the remainder when 678 is divided by 22?
18
Calculate the remainder when 177 is divided by 62.
53
Calculate the remainder when 325 is divided by 96.
37
Calculate the remainder when 1067 is divided by 10.
7
Calculate the remainder when 809 is divided by 201.
5
What is the remainder when 55 is divided by 29?
26
Calculate the remainder when 8302 is divided by 16.
14
What is the remainder when 110 is divided by 20?
10
Calculate the remainder when 669 is divided by 28.
25
Calculate the remainder when 39 is divided by 16.
7
Calculate the remainder when 214 is divided by 11.
5
What is the remainder when 310 is divided by 308?
2
Calculate the remainder when 389 is divided by 79.
73
What is the remainder when 2460 is divided by 22?
18
Calculate the remainder when 4855 is divided by 2425.
5
What is the remainder when 58 is divided by 26?
6
What is the remainder when 258 is divided by 68?
54
Calculate the remainder when 1053 is divided by 506.
41
What is the remainder when 5791 is divided by 20?
11
Calculate the remainder when 359 is divided by 7.
2
What is the remainder when 585 is divided by 154?
123
Calculate the remainder when 371 is divided by 42.
35
Calculate the remainder when 5437 is divided by 21.
19
Calculate the remainder when 1393 is divided by 48.
1
What is the remainder when 480 is divided by 150?
30
Calculate the remainder when 1621 is divided by 14.
11
What is the remainder when 285 is divided by 74?
63
What is the remainder when 129 is divided by 17?
10
Calculate the remainder when 77 is divided by 6.
5
Calculate the remainder when 6312 is divided by 22.
20
What is the remainder when 14 is divided by 1?
0
Calculate the remainder when 4477 is divided by 28.
25
Calculate the remainder when 131 is divided by 44.
43
Calculate the remainder when 16430 is divided by 9.
5
What is the remainder when 487 is divided by 167?
153
What is the remainder when 1256 is divided by 14?
10
Calculate the remainder when 58 is divided by 37.
21
What is the remainder when 184 is divided by 31?
29
Calculate